 180. Suppose -4*f + 56 = -r. Suppose 0 = -3*n + 5*j + 97, -5*n - j + 100 = 3*j. What is the highest common divisor of n and f?
8
Suppose 20*n + 12989 = 40249. Calculate the highest common factor of n and 752.
47
Suppose 3*c = 5*g - 427 + 78, 3*g + 5*c = 189. Suppose 68*n = 116*n - 37536. Calculate the greatest common factor of n and g.
34
Suppose 217204 - 222639 + 506600 = 111*i. What is the greatest common factor of i and 42?
21
Let c = -8965 - -9005. What is the highest common divisor of c and 8210?
10
Suppose 0 = -4*y + a + 9578 + 253, 0 = y - 3*a - 2466. Calculate the greatest common factor of 91 and y.
91
Let m be (3583/(-36) + 22/(-99))/((-12)/16). Calculate the highest common divisor of m and 25403.
133
Let l = -368 + 518. Let u = l + 100. Calculate the highest common factor of 10 and u.
10
Let y = 6923 - -1315. Suppose -40*k + 3282 = -y. Calculate the greatest common factor of k and 24.
24
Let h be 24/5*(-180)/(-48). Let l = 22 - h. Suppose 0 = 5*n + 4*a - 1448, -a + 1156 = l*n + a. What is the highest common factor of n and 36?
36
Let f = -4060 - -2257. Let j = -1193 - f. Calculate the greatest common factor of 10 and j.
10
Let t(x) = 17*x + 40. Let p(w) = -9*w - 20. Let v(l) = 7*p(l) + 4*t(l). Let c be v(-5). Let q = 6 - c. Calculate the highest common factor of 22 and q.
11
Suppose 17*y - 15*y - 12160 = -62*y. What is the greatest common factor of 912 and y?
38
Let c(d) = d**2 - 10*d + 25. Let a be c(6). Let n(g) = -89*g + a - g**2 - 2*g**2 + 5*g**3 + 91*g. Let w be n(2). What is the highest common factor of 66 and w?
33
Let b = 295 + -291. Let s = 172 - 159. Calculate the highest common factor of s and b.
1
Let a(k) = -k**3 - 2*k**2 + 526*k + 51. Let l be a(-28). Calculate the highest common factor of 13 and l.
13
Let f(l) = -4*l**2 + 35*l + 3. Let k be f(9). Let i be (9 + k + 55)/2. What is the greatest common divisor of i and 203?
29
Let u be (-644)/(-1)*17*(-12)/(-816). Suppose -r = -5*m + 16 + 2, -r = -m - 2. Calculate the highest common divisor of u and r.
7
Let x(i) = 340*i - 2618. Let h be x(12). What is the greatest common divisor of h and 510?
34
Suppose 2*r = -r + p + 189, 5*p = -2*r + 126. Suppose 95*b - 2222 = 4618. Calculate the greatest common factor of b and r.
9
Suppose 2*m = -3*j + 14355, 5*m = 4*m + 5*m. What is the highest common factor of 165 and j?
165
Suppose -7*s - 1060 = -12*s - 3*n, 2*s = -5*n + 443. Suppose -10*a + 309 = -21. What is the highest common divisor of s and a?
11
Suppose 41*c = 2*w + 46*c - 5585, -2*w + 5592 = -2*c. What is the greatest common factor of 65 and w?
65
Let a(j) = -j**3 - 30*j**2 - 28*j + 33. Let t be a(-29). Let n = -23 + -35. Let y = n - -110. What is the highest common factor of t and y?
4
Suppose -162148 = -99*h + 1075776 + 770192. What is the highest common divisor of 22 and h?
22
Let u be (2 - -1409) + (9 - -2). What is the greatest common divisor of u and 1027?
79
Suppose 0 = -5*a + 20, 0*w + 420 = 4*w + a. Let r = -83353 - -83717. What is the greatest common factor of r and w?
52
Let u be 875 + (13 - (-15)/15). What is the greatest common factor of 7 and u?
7
Let i be (-1 - (-2)/(-4))*4. Let y be i/8*-4 - -42. Suppose 0 = 6*q - 1443 + 363. What is the greatest common factor of q and y?
45
Let g(i) = -i**3 + 7*i**2 - 13*i + 41. Let b be g(5). Let w be 4/(-28) - ((-197)/7 - -2). What is the greatest common factor of b and w?
26
Suppose -2*a - 147 + 163 = 0, 5*z - 184188 = 4*a. Calculate the greatest common factor of 244 and z.
244
Let f(b) = -11*b**3 + 3*b**2 + 4*b. Let r be f(-2). Suppose 22*u - 20*u = 46. What is the highest common factor of u and r?
23
Let n(d) = -d**2 + 15*d - 23. Let u be n(2). Suppose -1434 = -4*t + u*w, t - 364 = -6*w + 4*w. Calculate the greatest common factor of t and 240.
120
Suppose 0 = 20*m - 13*m - 539. Let f = m + -62. Calculate the greatest common factor of f and 12.
3
Suppose 0 = -x + 2*q + 97, 9*q - 4*q - 349 = -4*x. Calculate the greatest common factor of x and 234.
13
Let v be -1*(-6 + 3 + 7) + -3. Let u be -21*6/27*30/v. Let y(g) = -g**3 + g**2 - g - 4. Let i be y(-4). What is the greatest common factor of i and u?
20
Suppose -z + 5*p = -27, -z + 66 = 2*p + 53. Let i = -135 + 288. Calculate the highest common factor of z and i.
17
Suppose 0*b - 46 = -2*b - c, -4*b + 94 = 3*c. Let s = b - 34. Let t be s/(-8) - (-3)/6. Calculate the highest common factor of t and 12.
2
Let w = 405 - -72. Suppose 2*d = 4*b - 168, 177 - w = 4*d + 4*b. Let s = d + 143. What is the greatest common factor of 13 and s?
13
Let d(j) = -9*j + 54. Let h be d(6). Let v be ((-3)/9)/((-4)/(-6))*h. Suppose 2*t - 7 - 1 = v. What is the greatest common divisor of t and 52?
4
Let a = -2 + 18. Suppose -3*h + 4*m = -25, 4*h - a - 49 = -m. Let w be -44 - -166 - 4/2. Calculate the highest common factor of h and w.
15
Let k be 46 + -8 + -4*(-2)/4. Suppose s - 38 - k = 0. Suppose s = 2*m - 2*u, u - 4 = 2*u. What is the highest common divisor of m and 7?
7
Let c = -34 - -47. Let n = 60 + -50. Let x(o) = o**3 - 9*o**2 - o + 1. Let t be x(n). What is the highest common divisor of c and t?
13
Suppose -g - 3*g = -244. Let v be (300/(-60) + (-294)/(-10))*20. Calculate the highest common factor of g and v.
61
Let i(a) = -2*a**3 - 13*a**2 + 19*a + 15. Let r be i(-8). Calculate the highest common factor of 176 and r.
11
Let t(k) = 7*k - 144. Let w be t(9). Let u = -66 - w. What is the greatest common divisor of 6 and u?
3
Suppose -2696 + 8339 = 9*d. Calculate the greatest common factor of d and 171.
57
Let n(o) = 3*o**2 - 7*o + 17. Let w be (-2)/(-8) + 4/((-48)/519). Let s = -35 - w. Let i be n(s). What is the greatest common factor of i and 17?
17
Suppose 40*m + 28*m = -37*m + 1470. Suppose 2*g + 397 = 3*h - 59, 5*h - g = 767. What is the highest common factor of m and h?
14
Let t(a) be the third derivative of -a**4/12 - 11*a**3/3 + 9*a**2. Let k be t(-14). Suppose k*q + 63 = 15*q. What is the greatest common divisor of q and 7?
7
Suppose 7*h - 84 = 4*h. Let x be (189/h)/(1/(-4)). Let w be ((-12)/4)/(3/x). What is the greatest common divisor of 36 and w?
9
Let b = 2371 + -2236. Calculate the greatest common divisor of b and 351.
27
Let k(u) = 13 - 4*u + 0*u + 44 + 27. Let f be k(17). Let q(n) = 38*n - 2. Let m be q(3). Calculate the greatest common factor of f and m.
16
Suppose -4*y + 4*m + 28 = 0, 5*y - 5 = -3*m + 6. Suppose 3*p - 1596 = -y*h, -h + 4*p + 1596 = 3*h. What is the highest common factor of h and 57?
57
Suppose 0 = 3*w + d - 1640, -5*d = 4*w - 2881 + 720. What is the greatest common divisor of 144 and w?
9
Let j be (-10)/(-55) + (-726648)/(-187). What is the highest common factor of j and 938?
134
Suppose -x - 2*y = 92 - 135, 4*x + y = 144. Calculate the highest common divisor of 826 and x.
7
Suppose -6*d + 1638 = 8*d. Let g be (10/(-4))/(0 - (-3)/(-6)). Let i be g/20 - 102/(-8). Calculate the highest common factor of d and i.
13
Suppose 0*j - 18*j = -72. Suppose -509 = -j*i - 149. Calculate the highest common divisor of i and 45.
45
Suppose 0 = 7*x - 11*x + 1048. Let t = 65 + -62. Let h be t + x/8 + (-6)/(-24). Calculate the highest common divisor of 4 and h.
4
Let n = 22 + -42. Let k = n + 22. Suppose 0 = 2*h - s - 44, -k*s = -2*h - 7*s + 32. Calculate the greatest common divisor of 7 and h.
7
Let b(r) = -2*r**2 - 161*r + 667. Let s be b(-83). Calculate the highest common divisor of s and 6300.
252
Let q = 210 - 105. Suppose 15*b + 76 = 135 + 91. Calculate the greatest common divisor of q and b.
5
Suppose -c + 0*c + 4*f - 4 = 0, 3*c = -f + 1. Suppose -3*x + 199 = -4*a - 245, -4*a - 12 = c. Let o = 30 - 21. Calculate the greatest common factor of x and o.
9
Let a = -14044 + 14236. Calculate the highest common factor of a and 60.
12
Let d be ((-46)/10)/1*(-10)/4*942. What is the greatest common factor of 138 and d?
69
Let n be (-7824)/(-48) - 26/(-2). Calculate the greatest common factor of n and 1144.
88
Let r(n) = 18*n - 1. Let o be r(8). Suppose 4*d - 23*d - 208 = -23*d. Calculate the highest common divisor of o and d.
13
Let s = -108000 - -108180. Suppose -m = -6 + 1. Let n = m + 15. Calculate the greatest common divisor of s and n.
20
Suppose -2907*z - 31122 = -3021*z. Suppose 21 = 3*s - 2*s. Calculate the greatest common factor of s and z.
21
Let o(j) = -9*j**2 + 